is the tens digit of y(10)?
3
Let k(a) = -173*a + 3. Let t be k(-14). Let p = t - 1655. Suppose -6*y - 4*y = -p. What is the tens digit of y?
7
Suppose -n + 640 = u + 2*u, -4*u - 3276 = -5*n. Suppose n = 8*x - 4420. What is the units digit of x?
4
Let v(d) = 22*d + 4. Let b be v(-6). Let t be -5 + 0 - (1 - 12)*-1. Let s = t - b. What is the units digit of s?
2
Let a(o) = -29*o**3 + 4*o. Let d be a(-2). Let b = d + -107. Let t = b + -95. What is the tens digit of t?
2
Let j(u) = 19*u + 220. Let b be j(-10). Suppose 0 = 50*p - b*p - 14220. What is the hundreds digit of p?
7
Suppose 0 = -4*i - 3*p + 7753, -5*i - 2*p + 1784 + 7916 = 0. Let o = -1331 + i. What is the units digit of o?
1
Suppose 4*p = 3*h - 14, -6 = -0*p + 3*p. Suppose -q - 5*u + 890 = 0, 5*q + u + h*u - 4472 = 0. What is the units digit of q?
5
Let g = 929 - -69. Suppose -5*b = -g + 73. Let y = b + 8. What is the units digit of y?
3
Let o = -388 + 388. What is the units digit of 6/2 + (3 - -487) + o?
3
Let b(g) = 79*g**3 + 5*g**2 - 30*g + 178. Let t be b(9). Suppose 22*z - t = -22*z. What is the thousands digit of z?
1
Let h(t) = 162*t + 2643. What is the hundreds digit of h(80)?
6
Let h be 0/(4 - (-18)/(-3)). Let z be (-1)/(-2)*h*(-22)/(-44). Suppose -o - 76 = l - 253, 4*o + 2*l - 708 = z. What is the hundreds digit of o?
1
Suppose -1615390 = -71*y - 3*y + 1605978. What is the tens digit of y?
3
Let r = 12 - 2. Let f be (r/(-4))/((-9)/(-36)). Let s(c) = -19*c + 38. What is the hundreds digit of s(f)?
2
Suppose 7*d = 4*d - 90. Let j = 33 + d. Suppose -4*v = j*r - 3, r = -0*r + v + 1. What is the units digit of r?
1
Let t be (-2)/3*(12 - 9) - 88. Let m = 310 + t. What is the units digit of m?
0
Let a be 0 + ((-3402)/(-3))/(-3). Let b = 32 - 216. Let w = b - a. What is the hundreds digit of w?
1
Suppose 4*o - 4*j = -148, 4*j - 156 = 4*o + 2*j. What is the units digit of (-12)/2 - (o - 317)?
2
Let p(x) = x - 14. Let o be p(18). Suppose -116 = -v - 2*c, o*v - 336 = 3*c + 128. What is the units digit of v?
6
Suppose -9*o - 198 + 54 = 0. What is the tens digit of (-30*(-8)/o)/((-6)/176)?
4
Suppose 4*m = 4*b - 7*b + 12492, -16649 = -4*b - 3*m. Suppose -2*j + 1355 + 1415 = -3*y, -3*j + 2*y = -b. What is the hundreds digit of j?
3
Let d = 55598 + -29822. What is the units digit of d?
6
Suppose 103 = 9*v - 5. Let b(m) = 17*m - 14. What is the hundreds digit of b(v)?
1
Suppose 802 + 908 = 3*i. Suppose -2*n - 2*g = -i, 5*g - 4*g = 4*n - 1140. What is the hundreds digit of n?
2
Let s(o) be the third derivative of -o**6/60 - 11*o**5/60 + o**4/4 + 3*o**3 + 13*o**2 + 3. What is the hundreds digit of s(-8)?
2
Let n be 3/3 + 74 + 0/4. Suppose f - n = -15*h + 14*h, -h + 146 = 2*f. What is the tens digit of f?
7
Suppose -g + 11 = -2*m, 2*m - 3*g + 21 = -0*m. Let b(j) = 38*j**2 + 22*j - 1. What is the units digit of b(m)?
5
Suppose -5*g = 5*y - 2130, g = -y - y + 847. Let o = -237 + y. What is the units digit of o?
4
Let w(g) = -g**3 - 7*g**2 - g - 5. Let p be w(-6). Let a = 0 - 7. Let z = a - p. What is the tens digit of z?
2
Let h(n) = -n**3 + 3*n**2 + 64*n - 18. What is the units digit of h(8)?
4
Let n = -5286 - -10953. Suppose -5*w - 2362 = -n. What is the hundreds digit of w?
6
Suppose 32*k = 12*k + 12*k + 47504. What is the units digit of k?
8
What is the units digit of ((-85460)/(-16) + (-5 + 6)*6)*4?
9
Suppose c - 3*t - 9079 = 0, -653*c = -651*c - 3*t - 18173. What is the tens digit of c?
9
Let y(o) = -505*o + 2299. What is the tens digit of y(-34)?
6
Let d(f) = 34*f - 11*f + 3*f**2 + 72 - 36*f. What is the tens digit of d(-17)?
6
Suppose 5*l - 10 = 3*l. Suppose -4*d + l*d = 46. Let y = -20 + d. What is the tens digit of y?
2
Let i(b) = -b**2 - 13*b - 31. Let g be i(-9). Suppose -g*o + 182 + 2213 = -5*p, -o + 473 = 2*p. What is the tens digit of o?
7
Suppose -17*d + 41887 + 353316 = 65471. What is the units digit of d?
6
Suppose 67*s + 68*s = 84*s + 1601298. What is the ten thousands digit of s?
3
Suppose -10*h + 69843 = 9613. What is the units digit of h?
3
Let v = 28539 + 13879. What is the hundreds digit of v?
4
What is the units digit of ((936/(-18))/13)/((-8)/14) + 62083?
0
Suppose -1540 = -8*d + d. Let n be (-12)/(-54) - d/18. What is the units digit of 1/(6/320*(-10)/n)?
4
Suppose q - 3*q = 3*w - 51, 2*w + 96 = 3*q. Let o(x) = 23*x**2 - 117*x**2 + 62*x**2 - x**3 - q - 5*x. What is the tens digit of o(-32)?
3
Suppose -48*b + 2256138 - 227562 = 65*b. What is the thousands digit of b?
7
Suppose 0 = -4*h + 8*h + 116. Let z = h + 34. Let v = 112 + z. What is the tens digit of v?
1
Let m be (1938/171)/(0 + 4/(-6)). Let a(g) be the second derivative of -g**4/12 - 17*g**3/6 + 3*g**2 - 2*g. What is the units digit of a(m)?
6
Let g be (0/3 - -9)*212/(-12). Let t(h) = h**3 + h**2 - h - 290. Let u be t(0). Let w = g - u. What is the tens digit of w?
3
Suppose 0 = -57*l - l + 2389310. What is the hundreds digit of l?
1
Let p(n) = 2*n**2 + 16*n + 29. Suppose 9 = -37*c + 36*c. Let m be p(c). Suppose 477 = 5*k + m. What is the units digit of k?
6
Let f be 504 + (12 + -11 - -3*1). Let a = f + -362. What is the hundreds digit of a?
1
Suppose -w + 2671 = -3*c, -2*c - 88148 = -26*w - 18626. What is the hundreds digit of w?
6
Let y be 0*(-1)/(-1)*(0 + 1). Suppose -4*x + 0*a + 585 = -5*a, x - 4*a - 160 = y. Let l = x - 113. What is the tens digit of l?
2
Suppose o - 5*a - 1631 = 0, 4190 = 4*o + 2*a - 2312. Suppose 3*v = -4*p + o, -p - 3*p = 4*v - 2164. What is the hundreds digit of v?
5
Let t be 3018/12 - (-5)/(-10). Suppose -18*m = t - 1079. What is the units digit of m?
6
Let q be ((9 + 1)/(-1))/(8/(-4)). Suppose q*d + 70 = 5*y, 0*d - 2 = d. What is the units digit of (-70)/(-16) + y/(-32)?
4
Let t = -30 - -49. What is the hundreds digit of -2 + 123 + (t - 19)?
1
Suppose 0 = 113*f - 1095645 - 120235. What is the hundreds digit of f?
7
Let a(g) = -234*g + 34. Let w(h) = h. Let r(s) = -a(s) + 12*w(s). What is the units digit of r(4)?
0
What is the tens digit of (3 - -890)*((-5 - 0) + 6)?
9
Suppose 1982858 = 143*a - 857694. What is the ten thousands digit of a?
1
Suppose -15*a - 667905 = -51*a - 82833. What is the ten thousands digit of a?
1
Let i(h) = 4315*h - 667. What is the tens digit of i(5)?
0
Let s(f) = -1417*f + 256. What is the hundreds digit of s(-6)?
7
Suppose -85*l = -92*l + 42. Let d(s) = -8*s - 9. Let m(i) = -47*i - 53. Let v(k) = -39*d(k) + 6*m(k). What is the units digit of v(l)?
3
Let u = 215 - 207. Let o(y) = y**3 + 10*y - 26. What is the hundreds digit of o(u)?
5
Let a(b) = 5*b**3 - 4*b**2 + 6*b - 20. Let j = -124 - -129. What is the hundreds digit of a(j)?
5
Suppose -n = -3*i + 16722 + 6281, -n + 1 = 0. What is the thousands digit of i?
7
Suppose -4*x + 193731 + 21229 = 0. What is the tens digit of x?
4
Let h(w) = 69*w**3 + w**2 + 2*w - 2. Let z be h(1). Let o = z - 73. What is the units digit of (-1464)/(-9) - (28/(-12) - o)?
2
Let h be (-79)/((0 + -2)*(-4)/(-8)). Suppose h = k - 48. What is the hundreds digit of k?
1
Suppose 10*h - 2923 = -453. Let c = 355 - h. What is the hundreds digit of c?
1
Suppose 30240 = 11*p - 66934. What is the tens digit of p?
3
Let c(g) = g + 142. Let n be c(20). Suppose 3*t + 3 = 4*t. Suppose t*s - n = 75. What is the units digit of s?
9
Let u(p) = -20*p**3 - 3*p + 2. Let b(k) = -k**2 + 7. Suppose g + 3*n = -3*g + 21, -4*n = -5*g + 3. Let y be b(g). What is the tens digit of u(y)?
6
Let i(w) = -w**3 - 42*w + 28 + 76*w + 18*w**2 - 40*w. What is the tens digit of i(17)?
1
Let n(q) = -2*q**3 - 4*q**2 + 7*q + 22460. What is the tens digit of n(0)?
6
What is the units digit of -8 + 5 + 5 + -6 - -20922?
8
Let y(l) be the first derivative of 6*l**2 - 1/3*l**3 + 12*l + 9. What is the units digit of y(12)?
2
Let z = -52455 - -76307. What is the tens digit of z?
5
Let b = -121 + 125. Suppose -b*c + 13 = 1. Suppose c*i = 142 + 536. What is the hundreds digit of i?
2
Suppose -3*b + 2918 = -2*a + 185, 5*b + 3*a - 4555 = 0. Let t = -68 + b. What is the tens digit of t?
4
Let y(s) = -28*s + 16*s + 11*s**3 - 2 - 2*s**2 + 9*s. Let h be y(-1). What is the units digit of 1 + 494/6 - (-4)/h?
3
Let h(s) = -5*s - 217. Let p be h(-48). Suppose 5*j = -p*j + 11592. What is the units digit of j?
4
Suppose c + c + 24 = 0. Let o = 786 + -742. Let j = c + o. What is the tens digit of